{"id":70,"date":"2016-11-25T15:33:10","date_gmt":"2016-11-25T14:33:10","guid":{"rendered":"https:\/\/www.riwan.fr\/?page_id=70"},"modified":"2017-06-05T14:43:25","modified_gmt":"2017-06-05T13:43:25","slug":"junos","status":"publish","type":"page","link":"https:\/\/www.riwan.fr\/index.php\/junos\/","title":{"rendered":"Junos OS"},"content":{"rendered":"<p><strong>Pr\u00e9sentation<\/strong><\/p>\n<p>Junos OS est le syst\u00e8me d&rsquo;exploitation r\u00e9seau des \u00e9quipements Juniper. Il propose des fonctions avanc\u00e9es de routage, commutation et s\u00e9curit\u00e9.<\/p>\n<p><strong>Mise en \u0153uvre<\/strong><\/p>\n<p>Lors de mon alternance de deux ans chez Naitways, j&rsquo;ai eu un premier contact avec les \u00e9quipements r\u00e9seau Juniper, ainsi que le syst\u00e8me Junos OS. Naitways \u00e9tant h\u00e9bergeur\/op\u00e9rateur, le routage et le filtrage est omnipr\u00e9sent. Il m&rsquo;a donc fallu monter en comp\u00e9tence sur cet outil, afin d&rsquo;\u00eatre op\u00e9rationnel rapidement.<\/p>\n<p>J&rsquo;ai manipul\u00e9 Junos OS d\u00e8s ma premi\u00e8re semaine, notamment lors du d\u00e9ploiement de nouvelles VM. Cela concernait principalement le routage (NAT\/PAT), commutation, ainsi que le filtrage par IP.<br \/>\nPuis j&rsquo;ai beaucoup progress\u00e9 en travaillant sur des projets plus complexes, n\u00e9cessitant la mise en place de solutions VPN IPSec, et routage dynamique via OSPF\/BGP.<\/p>\n<p>J&rsquo;ai d\u00e9sormais des bases solides en Junos OS me permettant de mettre en oeuvre des infrastructures r\u00e9seaux fiables et s\u00e9curis\u00e9s.<\/p>\n<p><strong>Regard critique<\/strong><\/p>\n<p>J&rsquo;ai d\u00e9couvert Juniper lors de mon alternance, et j&rsquo;ai su apprendre rapidement \u00e0 l&rsquo;utiliser au profit de mon entreprise. C&rsquo;est une comp\u00e9tence essentiel selon moi car les \u00e9quipements r\u00e9seaux (pare-feux, routeurs et commutateurs) sont des \u00e9quipements critiques et n\u00e9cessaires au bon fonctionnement de l&rsquo;entreprise.<\/p>\n<p><strong>Axes d&rsquo;\u00e9volutions<\/strong><\/p>\n<p>Pour progresser d&rsquo;avantage, j&rsquo;aimerai participer \u00e0 la mise en place d&rsquo;infrastructures \u00e0 plus grande \u00e9chelle. Afin d&rsquo;apprendre de nouvelles fonctionnalit\u00e9s et de pouvoir les mettre en \u0153uvre.<\/p>\n<p><strong><a href=\"https:\/\/www.riwan.fr\/#competences\">Retour aux comp\u00e9tences<\/a><\/strong><\/p>\n","protected":false},"excerpt":{"rendered":"<p>Pr\u00e9sentation Junos OS est le syst\u00e8me d&rsquo;exploitation r\u00e9seau des \u00e9quipements Juniper. Il propose des fonctions avanc\u00e9es de routage, commutation et s\u00e9curit\u00e9. Mise en \u0153uvre Lors de mon alternance de deux ans chez Naitways, j&rsquo;ai eu un premier contact avec les \u00e9quipements r\u00e9seau Juniper, ainsi que le syst\u00e8me Junos OS. Naitways \u00e9tant h\u00e9bergeur\/op\u00e9rateur, le routage et<a href=\"https:\/\/www.riwan.fr\/index.php\/junos\/\">[&#8230;]<\/a><\/p>\n","protected":false},"author":1,"featured_media":0,"parent":0,"menu_order":0,"comment_status":"closed","ping_status":"closed","template":"","meta":[],"_links":{"self":[{"href":"https:\/\/www.riwan.fr\/index.php\/wp-json\/wp\/v2\/pages\/70"}],"collection":[{"href":"https:\/\/www.riwan.fr\/index.php\/wp-json\/wp\/v2\/pages"}],"about":[{"href":"https:\/\/www.riwan.fr\/index.php\/wp-json\/wp\/v2\/types\/page"}],"author":[{"embeddable":true,"href":"https:\/\/www.riwan.fr\/index.php\/wp-json\/wp\/v2\/users\/1"}],"replies":[{"embeddable":true,"href":"https:\/\/www.riwan.fr\/index.php\/wp-json\/wp\/v2\/comments?post=70"}],"version-history":[{"count":9,"href":"https:\/\/www.riwan.fr\/index.php\/wp-json\/wp\/v2\/pages\/70\/revisions"}],"predecessor-version":[{"id":186,"href":"https:\/\/www.riwan.fr\/index.php\/wp-json\/wp\/v2\/pages\/70\/revisions\/186"}],"wp:attachment":[{"href":"https:\/\/www.riwan.fr\/index.php\/wp-json\/wp\/v2\/media?parent=70"}],"curies":[{"name":"wp","href":"https:\/\/api.w.org\/{rel}","templated":true}]}}