{"id":61,"date":"2016-06-17T11:06:01","date_gmt":"2016-06-17T10:06:01","guid":{"rendered":"https:\/\/www.riwan.fr\/?page_id=61"},"modified":"2017-06-05T14:47:02","modified_gmt":"2017-06-05T13:47:02","slug":"esprit_dequipe","status":"publish","type":"page","link":"https:\/\/www.riwan.fr\/index.php\/esprit_dequipe\/","title":{"rendered":"Esprit d&rsquo;\u00e9quipe"},"content":{"rendered":"<p><strong>Pr\u00e9sentation<\/strong><\/p>\n<p>L&rsquo;esprit d&rsquo;\u00e9quipe est une comp\u00e9tence essentielle qui permet de travailler en harmonie avec ses coll\u00e8gues, et d&rsquo;avancer ensemble.<\/p>\n<p><strong>Mise en \u0153uvre<\/strong><\/p>\n<p>Lors de ma 2\u00e8me ann\u00e9e scolaire et dans le cadre d&rsquo;un de mes projets \u00e9tudiants, nous avions \u00e0 r\u00e9aliser une plateforme d&rsquo;h\u00e9bergement mutualis\u00e9e dans un d\u00e9lai de 4 mois. Au vu de la charge de travail, notre \u00e9quipe commen\u00e7ait rapidement \u00e0 se d\u00e9motiver, nous avons d\u00fb acc\u00e9l\u00e9rer le rythme afin de terminer le projet dans les temps.<\/p>\n<p>Etant chef de projet, j&rsquo;ai d\u00fb motiver d&rsquo;avantages mes deux coll\u00e8gues, et travailler d&rsquo;avantage avec eux en dehors de nos cr\u00e9neaux scolaires afin d&rsquo;\u00e9tablir une solution compl\u00e8te et fonctionnelle.<\/p>\n<p>Le projet s&rsquo;est bien termin\u00e9 et nous avons termin\u00e9 3\u00e8me du forum des projets d&rsquo;IN&rsquo;TECH sur 30 projets.<\/p>\n<p><strong>Regard critique<\/strong><\/p>\n<p>Il s&rsquo;agit de ma premi\u00e8re exp\u00e9rience en tant que chef de projet, j&rsquo;ai d\u00e9couvert l&rsquo;importance de l&rsquo;esprit d&rsquo;\u00e9quipe et de la communication au sein d&rsquo;un groupe.<\/p>\n<p><strong>Axes d&rsquo;\u00e9volutions<\/strong><\/p>\n<p>Pour d\u00e9velopper mes comp\u00e9tences en esprit d&rsquo;\u00e9quipe, j&rsquo;aimerai int\u00e9grer une \u00e9quipe dans ma vie professionnel en tant que chef de projet. La pratique et l&rsquo;exp\u00e9rience ne pourront \u00eatre que b\u00e9n\u00e9fique pour mon \u00e9volution.<\/p>\n<p><strong>Projet li\u00e9<\/strong><\/p>\n<p><a href=\"https:\/\/www.riwan.fr\/index.php\/easymine_projet\/\">EasyMine<\/a><\/p>\n<p><strong><a href=\"https:\/\/www.riwan.fr\/#competences\">Retour aux comp\u00e9tences<\/a><\/strong><\/p>\n","protected":false},"excerpt":{"rendered":"<p>Pr\u00e9sentation L&rsquo;esprit d&rsquo;\u00e9quipe est une comp\u00e9tence essentielle qui permet de travailler en harmonie avec ses coll\u00e8gues, et d&rsquo;avancer ensemble. Mise en \u0153uvre Lors de ma 2\u00e8me ann\u00e9e scolaire et dans le cadre d&rsquo;un de mes projets \u00e9tudiants, nous avions \u00e0 r\u00e9aliser une plateforme d&rsquo;h\u00e9bergement mutualis\u00e9e dans un d\u00e9lai de 4 mois. Au vu de la<a href=\"https:\/\/www.riwan.fr\/index.php\/esprit_dequipe\/\">[&#8230;]<\/a><\/p>\n","protected":false},"author":1,"featured_media":0,"parent":0,"menu_order":0,"comment_status":"closed","ping_status":"closed","template":"","meta":[],"_links":{"self":[{"href":"https:\/\/www.riwan.fr\/index.php\/wp-json\/wp\/v2\/pages\/61"}],"collection":[{"href":"https:\/\/www.riwan.fr\/index.php\/wp-json\/wp\/v2\/pages"}],"about":[{"href":"https:\/\/www.riwan.fr\/index.php\/wp-json\/wp\/v2\/types\/page"}],"author":[{"embeddable":true,"href":"https:\/\/www.riwan.fr\/index.php\/wp-json\/wp\/v2\/users\/1"}],"replies":[{"embeddable":true,"href":"https:\/\/www.riwan.fr\/index.php\/wp-json\/wp\/v2\/comments?post=61"}],"version-history":[{"count":10,"href":"https:\/\/www.riwan.fr\/index.php\/wp-json\/wp\/v2\/pages\/61\/revisions"}],"predecessor-version":[{"id":190,"href":"https:\/\/www.riwan.fr\/index.php\/wp-json\/wp\/v2\/pages\/61\/revisions\/190"}],"wp:attachment":[{"href":"https:\/\/www.riwan.fr\/index.php\/wp-json\/wp\/v2\/media?parent=61"}],"curies":[{"name":"wp","href":"https:\/\/api.w.org\/{rel}","templated":true}]}}

Esprit d&rsquo;équipe

<p><strong>Présentation</strong></p>
<p>L&rsquo;esprit d&rsquo;équipe est une compétence essentielle qui permet de travailler en harmonie avec ses collègues, et d&rsquo;avancer ensemble.</p>
<p><strong>Mise en œuvre</strong></p>
<p>Lors de ma 2ème année scolaire et dans le cadre d&rsquo;un de mes projets étudiants, nous avions à réaliser une plateforme d&rsquo;hébergement mutualisée dans un délai de 4 mois. Au vu de la charge de travail, notre équipe commençait rapidement à se démotiver, nous avons dû accélérer le rythme afin de terminer le projet dans les temps.</p>
<p>Etant chef de projet, j&rsquo;ai dû motiver d&rsquo;avantages mes deux collègues, et travailler d&rsquo;avantage avec eux en dehors de nos créneaux scolaires afin d&rsquo;établir une solution complète et fonctionnelle.</p>
<p>Le projet s&rsquo;est bien terminé et nous avons terminé 3ème du forum des projets d&rsquo;IN&rsquo;TECH sur 30 projets.</p>
<p><strong>Regard critique</strong></p>
<p>Il s&rsquo;agit de ma première expérience en tant que chef de projet, j&rsquo;ai découvert l&rsquo;importance de l&rsquo;esprit d&rsquo;équipe et de la communication au sein d&rsquo;un groupe.</p>
<p><strong>Axes d&rsquo;évolutions</strong></p>
<p>Pour développer mes compétences en esprit d&rsquo;équipe, j&rsquo;aimerai intégrer une équipe dans ma vie professionnel en tant que chef de projet. La pratique et l&rsquo;expérience ne pourront être que bénéfique pour mon évolution.</p>
<p><strong>Projet lié</strong></p>
<p><a href="https://www.riwan.fr/index.php/easymine_projet/">EasyMine</a></p>
<p><strong><a href="https://www.riwan.fr/#competences">Retour aux compétences</a></strong></p>

<p>Présentation L&rsquo;esprit d&rsquo;équipe est une compétence essentielle qui permet de travailler en harmonie avec ses collègues, et d&rsquo;avancer ensemble. Mise en œuvre Lors de ma 2ème année scolaire et dans le cadre d&rsquo;un de mes projets étudiants, nous avions à réaliser une plateforme d&rsquo;hébergement mutualisée dans un délai de 4 mois. Au vu de la<a href="https://www.riwan.fr/index.php/esprit_dequipe/">[&#8230;]</a></p>
